20222579 a multiple of 13?
True
Is 30 a factor of 28530?
True
Is 197 a factor of 5279109?
False
Does 115 divide 76655?
False
Does 17 divide 194888?
True
Is 12798 a multiple of 10?
False
Is 54 a factor of 1144010?
False
Does 28 divide 4553312?
False
Is 184828 a multiple of 55?
False
Is 14 a factor of 5068?
True
Is 5 a factor of 69247?
False
Is 406885 a multiple of 138?
False
Is 29 a factor of 60755?
True
Is 137 a factor of 5864833?
True
Is 10217860 a multiple of 892?
True
Does 329 divide 62609?
False
Is 240452 a multiple of 22?
False
Does 15 divide 659766?
False
Is 17 a factor of 4803122?
False
Does 20 divide 1228700?
True
Is 12 a factor of 16552836?
True
Does 41 divide 166152?
False
Does 29 divide 57855?
True
Is 47 a factor of 924696?
False
Is 11042928 a multiple of 901?
False
Does 33 divide 7329927?
True
Does 2 divide 584?
True
Is 681308 a multiple of 474?
False
Is 131 a factor of 581053?
False
Does 88 divide 1190904?
True
Is 2419330 a multiple of 10?
True
Does 131 divide 50173?
True
Is 173106 a multiple of 5?
False
Does 53 divide 122483?
True
Does 591 divide 10448289?
True
Does 93 divide 2572659?
True
Is 26 a factor of 51?
False
Is 339 a factor of 9382067?
False
Is 41 a factor of 2210392?
True
Does 94 divide 3983346?
False
Is 4 a factor of 143702?
False
Is 7 a factor of 105744?
False
Does 6 divide 140976?
True
Is 19 a factor of 344774?
True
Does 16 divide 1705968?
True
Is 14 a factor of 4006982?
True
Does 4 divide 1124651?
False
Is 313 a factor of 1821481?
False
Is 144 a factor of 1618183?
False
Is 1348 a factor of 5164188?
True
Is 356644 a multiple of 410?
False
Is 207699 a multiple of 17?
False
Does 3 divide 31418?
False
Is 474 a factor of 243162?
True
Does 259 divide 521367?
True
Does 268 divide 364480?
True
Is 7 a factor of 81574?
False
Is 49792 a multiple of 4?
True
Is 336156 a multiple of 771?
True
Does 20 divide 789560?
True
Is 1001646 a multiple of 229?
True
Does 2 divide 136450?
True
Is 1186294 a multiple of 46?
True
Is 142437 a multiple of 92?
False
Does 295 divide 30183552?
False
Is 50 a factor of 1373726?
False
Is 22 a factor of 2940696?
True
Is 180616 a multiple of 211?
True
Does 22 divide 354971?
False
Does 22 divide 63802?
False
Is 326 a factor of 1463088?
True
Is 577986 a multiple of 20?
False
Is 311 a factor of 11796250?
False
Is 14 a factor of 167006?
True
Is 96540 a multiple of 87?
False
Does 386 divide 265624?
False
Is 71316 a multiple of 36?
True
Is 606876 a multiple of 609?
False
Is 203 a factor of 21311852?
False
Is 1069301 a multiple of 15?
False
Is 6 a factor of 5091?
False
Is 911771 a multiple of 140?
False
Does 16 divide 24277?
False
Does 139 divide 1051220?
False
Is 84980 a multiple of 14?
True
Is 367 a factor of 248211?
False
Is 340 a factor of 5926200?
True
Is 34 a factor of 11490930?
False
Is 24 a factor of 14136?
True
Is 577 a factor of 518880?
False
Does 75 divide 15986?
False
Is 2149728 a multiple of 784?
True
Does 64 divide 36032?
True
Is 34 a factor of 199678?
False
Is 6 a factor of 1872965?
False
Is 3294449 a multiple of 766?
False
Is 168265 a multiple of 8?
False
Is 14 a factor of 321183?
False
Does 13 divide 448830?
False
Does 1147 divide 2445404?
True
Is 1072764 a multiple of 516?
True
Is 246 a factor of 10260168?
True
Does 26 divide 506379?
False
Does 23 divide 408601?
False
Is 1026 a factor of 3741822?
True
Does 24 divide 4992?
True
Is 146 a factor of 357071?
False
Does 7 divide 113463?
True
Is 650935 a multiple of 5?
True
Is 201 a factor of 3985360?
False
Is 17 a factor of 10583955?
False
Does 110 divide 3144570?
True
Does 30 divide 1091317?
False
Is 10 a factor of 686060?
True
Does 4 divide 3288?
True
Is 964905 a multiple of 512?
False
Is 58 a factor of 195916?
False
Does 79 divide 113552?
False
Does 87 divide 101007?
True
Is 11 a factor of 584837?
True
Is 20 a factor of 7627254?
False
Is 172 a factor of 94256?
True
Is 122757 a multiple of 493?
True
Is 1338058 a multiple of 52?
False
Is 12062 a multiple of 37?
True
Does 218 divide 107228?
False
Does 481 divide 1038960?
True
Is 87 a factor of 8707917?
True
Is 401964 a multiple of 19?
True
Does 30 divide 153569?
False
Does 589 divide 761609?
False
Is 18 a factor of 276912?
True
Is 988 a factor of 1990820?
True
Is 81 a factor of 7192800?
True
Is 3 a factor of 1218745?
False
Is 36 a factor of 5847120?
True
Does 2 divide 698368?
True
Is 5108768 a multiple of 44?
False
Is 15 a factor of 2564381?
False
Is 4186920 a multiple of 615?
True
Is 4 a factor of 3558229?
False
Is 412880 a multiple of 26?
True
Does 2 divide 311266?
True
Is 8488196 a multiple of 5?
False
Is 11 a factor of 16599460?
False
Is 116 a factor of 4398720?
True
Is 17 a factor of 192610?
True
Does 20 divide 3496028?
False
Is 32 a factor of 1120064?
True
Does 20 divide 494060?
True
Is 203701 a multiple of 31?
True
Is 19 a factor of 842640?
False
Is 1473513 a multiple of 3?
True
Is 407009 a multiple of 14?
False
Does 18 divide 480150?
True
Is 906000 a multiple of 400?
True
Does 72 divide 12790350?
False
Does 124 divide 98084?
True
Is 1620 a multiple of 3?
True
Is 16 a factor of 46186?
False
Is 6 a factor of 236052?
True
Is 5687924 a multiple of 4?
True
Is 14 a factor of 2093109?
False
Is 38298 a multiple of 26?
True
Is 131716 a multiple of 149?
True
Is 47 a factor of 1121389?
False
Is 5 a factor of 5787607?
False
Is 465 a factor of 89745?
True
Is 237120 a multiple of 190?
True
Is 955416 a multiple of 21?
True
Is 97779 a multiple of 3?
True
Is 591184 a multiple of 21?
False
Is 5 a factor of 428431?
False
Is 4783867 a multiple of 3?
False
Does 108 divide 567216?
True
Is 1887439 even?
False
Is 4345440 a multiple of 40?
True
Does 75 divide 460275?
True
Is 14 a factor of 2496?
False
Does 270 divide 586980?
True
Is 16 a factor of 103712?
True
Is 85085 a multiple of 72?
False
Is 29 a factor of 84593?
True
Is 5394617 a multiple of 75?
False
Is 14 a factor of 344175?
False
Does 364 divide 794557?
False
Is 7661 a multiple of 550?
False
Does 435 divide 9579570?
True
Does 4 divide 772998?
False
Is 7 a factor of 244160?
True
Does 423 divide 1200474?
True
Is 23 a factor of 3931080?
False
Is 202 a factor of 333344?
False
Is 22670 a multiple of 4?
False
Is 33 a factor of 1012968?
True
Does 79 divide 1053386?
True
Does 14 divide 18455468?
False
Is 90 a factor of 3780?
True
Is 1193193 a multiple of 9?
True
Is 12 a factor of 725394?
False
Is 195297 a multiple of 61?
False
Is 54570 a multiple of 51?
True
Is 430066 a multiple of 139?
True
Is 246444 a multiple of 167?
False
Is 6890 a multiple of 130?
True
Is 69524 a multiple of 7?
True
Is 14 a factor of 1592079?
False
Does 6 divide 11011341?
False
Is 24 a factor of 83930?
False
Is 472613 a multiple of 7?
False
Is 928 a factor of 3127249?
False
Is 351711 a multiple of 13?
False
Does 6 divide 52740?
True
Is 266823 a multiple of 9?
True
Is 96 a factor of 1395648?
True
Does 18 divide 5614929?
False
Is 170660 a multiple of 460?
True
Is 741 a factor of 1158877?
False
Is 122 a factor of 5127827?
False
Is 1031335 a multiple of 3?
False
Is 2831 a multiple of 5?
False
Is 18 a factor of 1448136?
True
Is 121 a factor of 506212?
False
Is 19 a factor of 2031031?
False
Is 209780 a multiple of 68?
True
Is 17434 a multiple of 21?
False
Is 3 a factor of 87465?
True
Does 22 divide 1119228?
True
Does 25 divide 23930793?
False
Is 24345 a multiple of 9?
True
Does 315 divide 47975?
False
Is 969 a factor of 2271120?
False
Does 25 divide 121150?
True
Is 208256 a multiple of 64?
True
Is 158 a factor of 79197?
False
Is 3482551 a multiple of 30?
False
Is 7 a factor of 1560161?
False
Is 203 a factor of 2805448?
False
Is 19 a factor of 141265?
True
Is 13 a factor of 6308870?
False
Is 194 a factor of 3883450?
False
Does 40 divide 128280?
True
Is 627612 a multiple of 20?
False
Does 15 divide 412424?
False
Is 15933845 a multiple of 31?
True
Is 38 a factor of 9310711?
False
Does 114 divide 1836312?
True
Is 252 a factor of 127602?
False
Does 55 divide 531740?
True
Is 118 a factor of 41764?
False
Is 212328 a multiple of 27?
True
Is 1280016 a multiple of 72?
True
Is 36947 a multiple of 6?
False
Is 48 a factor of 1529450?
False
Is 35 a factor of 163043?
False
Does 16 divide 424888?
False
Is 631 a factor of 4873062?
False
Is 6427850 a multiple of 899?
True
Does 8 divide 111003?
False
Is 496156 a mu